-1) - (-3 - -5). Let y = 23 + -14. Suppose 15 = w*x - y. List the prime factors of x.
2, 3
Let x be (-26)/(-7) - 2/(-7). Suppose -3*h = 4*m - m - 21, 3*h - 26 = -x*m. Suppose h*a + 4 = -3*c, 4*a + a = 4*c - 33. List the prime factors of c.
2
Suppose -5*i + 43 = -102. What are the prime factors of i?
29
Let u(k) = -4*k**2 + 2*k**2 - 2*k + 10 - k**3 + 2*k**2 - 9*k**2. List the prime factors of u(-9).
2, 7
Let h(u) = 3*u**2 - u. Let l be h(1). Suppose 0 = -5*a - l*x + 74, x = -2*a + 18 + 12. What are the prime factors of a?
2, 7
Let t be (-6)/(-4) - 2/(-4). Suppose j + 3 = t*j. What are the prime factors of ((-8)/(-3))/(j/9)?
2
Let j be (-2)/(-9) - 48/(-27). Suppose -u = -4*l - 8, -u + 8 = j*u - 4*l. Suppose 3*s - 4*a - 36 = -s, u = -3*a - 15. List the prime factors of s.
2
Let v(f) = -3*f - 8. Suppose 0 = 5*o + d + 18 + 8, -20 = -5*d. What are the prime factors of v(o)?
2, 5
Let x(d) = -d - 3. Let v be x(-5). Suppose -v = -0*h - h. Suppose h*o + 4*w = 26, 3*o - 4*w = -0*w + 39. What are the prime factors of o?
13
Suppose 63 = 3*v - 9. List the prime factors of v.
2, 3
Let g be ((-6)/(-5))/(6/15). Suppose -12 = g*m, -4*f = f - 4*m - 121. What are the prime factors of f?
3, 7
Let u(c) = c**2 - c + 4. Let x be u(0). Suppose 0*o - 8 = -x*o, -5*o = 5*m - 30. List the prime factors of m.
2
Suppose 4*q - 72 = 3*z, z - 21 = -3*q + 33. Let g(b) = b + 11. Let n be g(-7). Suppose 0 = c - 5*f - q - 2, -4*c + 32 = -n*f. What are the prime factors of c?
5
Let r(x) = -4*x**2 - 3*x - 4. Let u be r(-3). Let g = u + 21. List the prime factors of (-94)/(-10) + 4/g.
3
Suppose -4*p + 476 + 514 = -3*h, 2*p + 1342 = -4*h. What are the prime factors of 4/(-10) - h/10?
3, 11
Let w(t) = t**3 + 11*t**2 + 8*t - 19. List the prime factors of w(-8).
109
Suppose -4*u + u + 111 = 0. Let r = u + -7. List the prime factors of r.
2, 3, 5
Let z(u) = -u - 4. Let t(d) be the third derivative of -d**5/60 + d**3/2 - 2*d**2. Let j be t(-3). List the prime factors of z(j).
2
Let g(t) be the first derivative of t**3/3 - t**2/2 - 4*t + 1. Let c be g(3). Let j = c - -5. What are the prime factors of j?
7
Let i(c) = -c - 2. Let s(g) = -g**3 + 12*g**2 - g + 8. Let q be s(12). List the prime factors of i(q).
2
Suppose -2*s = t + s + 3, 25 = t - 4*s. What are the prime factors of (93/t)/(2/6)?
31
Let h be (-4)/2 - (-31 + 2). Let z = -19 + h. What are the prime factors of z?
2
Let g be (12/5)/2*10. Let r = 7 + -3. Suppose r + g = 2*l. What are the prime factors of l?
2
Let j(n) = 3*n**2 - 4*n - 1. Let o(q) = -2*q**2 + 3*q + 1. Let d(z) = 3*j(z) + 4*o(z). Let x be d(2). Let g = -3 + x. List the prime factors of g.
2
Suppose 4*h - 2*j - 10 = 0, -h - j + 19 = 3*h. Suppose 11 = -y + 2*m + 1, -h*m = y + 4. Let a = 10 - y. What are the prime factors of a?
2, 3
Suppose -7*g + 3*g + 352 = 0. List the prime factors of g.
2, 11
Let h be -8*(1 - 2/1). Suppose -3*x + 21 = 4*v, -5*v + 1 = -2*x - h. Suppose 0 = -v*r + 8 + 19. List the prime factors of r.
3
Suppose 2*f - 2*n = 6, f + 3*n - 3 = 8*n. Let k = -1 + f. Suppose -11 = -l - k*l - 5*j, 2*l + 2*j = 10. List the prime factors of l.
7
Let a(j) = -3*j**3 - 3*j**2 - 7*j - 7. List the prime factors of a(-3).
2, 17
Suppose 5*p + 5 = 9*l - 4*l, 0 = -3*l + 2*p + 6. Suppose -2*y + l = -2. List the prime factors of y.
3
Let w be 1*(1 + -3 + 1). Let d(t) = 3*t - 4*t + 2 + 0*t - 3 + 6*t**2. What are the prime factors of d(w)?
2, 3
Let u(r) = r + 2. Let g be u(-12). List the prime factors of (2 - g)*(0 + 1).
2, 3
Suppose 0 = 2*a - a + 1, 0 = 2*z + 3*a - 11. Let i = 16 - z. What are the prime factors of i?
3
Let y(q) = q**2 + 3*q + 2. Let c be y(-2). Suppose c = 3*d - 9 - 0, 0 = 3*a - d - 18. What are the prime factors of a?
7
Suppose 2*a + 16 = 6. Let q be 16/10 + (-2)/a. List the prime factors of (q/6)/((-5)/(-225)).
3, 5
Suppose 3*s - 6 = 6*s. What are the prime factors of (-160)/(-8) + (s - 0)?
2, 3
Let c(u) = u - 3. Let z be c(7). Suppose f - 20 = -z*f. List the prime factors of f.
2
Suppose 5*x - a = 163, x + a = -0*x + 35. Suppose -5*v + x = 4*t, -t - 6 = t. List the prime factors of (-8)/(-12)*(v + 0).
2, 3
List the prime factors of (-24)/(44/(-14) + 3).
2, 3, 7
Suppose -b = -3*r - 109, -r - 5*b = -0*r + 15. Let v = 62 + r. List the prime factors of v.
3
Let d(a) be the first derivative of a**4/4 - 10*a**3/3 + 11*a**2/2 - 10*a + 2. List the prime factors of d(9).
2
Let x(h) = h**3 + 8*h**2 + 7*h + 9. Let s be x(-7). Let g(y) = -2*y + 13. Let p be g(s). Let w = -1 - p. What are the prime factors of w?
2
Let x be (-2)/(-1 + 3) + -23. List the prime factors of x/(-2)*5/10.
2, 3
Suppose -g = -2*g. Suppose -l - 3*l = g. Suppose d - 9 - 8 = l. List the prime factors of d.
17
Let t(d) = 26*d + 1. What are the prime factors of t(2)?
53
Let l = -16 - -22. Let m(r) = -3 - 1 - 103*r**3 + 102*r**3 + 5*r**2 + 7*r. What are the prime factors of m(l)?
2
Suppose 0 = 2*c + 7 - 43. What are the prime factors of c?
2, 3
Let h(a) = -2*a**2 - 6*a. Let c be h(5). Let k be -1*3*c/15. Suppose -s - 4*t + k = 0, s - 8*t + 3*t + 2 = 0. List the prime factors of s.
2
Let o(t) = -8*t**2 + 14 - 7*t - 3*t**2 - 4*t - t**3. What are the prime factors of o(-10)?
2, 3
Let z be (3/6*-4)/(-2). Let u be 4/(-6) - 376/12. List the prime factors of (u/(-4))/(z - 0).
2
Let c = -2 - -5. Suppose 0 = -2*t, -c*x - 2*t + 31 = 1. What are the prime factors of x?
2, 5
Let u = 136 + -64. List the prime factors of u.
2, 3
What are the prime factors of (256/2)/(7 + -5)?
2
Suppose 3*s = -0*s + 327. What are the prime factors of s?
109
Let r = -1 + 194. List the prime factors of r.
193
Let x be (-4)/6*3 - 1. List the prime factors of (x/6)/(2/(-20)).
5
Suppose -3*s - 6 = 0, 0*s + s + 383 = 3*x. List the prime factors of x.
127
Let o(c) = -c**2 - 4*c + 9. What are the prime factors of o(-5)?
2
Let l(o) = -o**2 + 9*o - 6. Let t be l(12). List the prime factors of (20/14)/((-6)/t).
2, 5
Let d(y) = -y**3 + 2*y**2 + y - 4. List the prime factors of d(-3).
2, 19
Let l = 11 - 10. Suppose 5*d = 59 + l. Suppose 4*k - 3*s - d = -5*s, s = -4*k + 12. What are the prime factors of k?
3
Suppose -4*w + w - 30 = -5*z, 5*w = z + 16. Let c be 6/z + 46/3. Suppose 4 - c = -3*j. What are the prime factors of j?
2
Let i(m) = -m + 33. Let s be i(0). Suppose -2 = -5*d + s. List the prime factors of d.
7
Let z be (-6 - -5)*1*-1. Suppose y = 6 + z. What are the prime factors of y?
7
Let u be (0 + 1)*-5*-1. Suppose -m + 5*h = -3 + 19, -u*h = -3*m + 2. List the prime factors of m.
3
Suppose o + y - 18 = 4*y, 3*y - 18 = -5*o. Suppose o - 70 = -2*r. List the prime factors of r.
2
Suppose -19*k + 18*k + 5 = 0. Suppose 0 = -4*u - 5*f - 20, 4*u + f - 6*f - 20 = 0. Let d = k + u. What are the prime factors of d?
5
Let s(q) = -q - 7. Suppose 4*k - 48 = 4*d, 3*k = 5*d + 45 + 15. What are the prime factors of s(d)?
5
What are the prime factors of (-1)/(-4) - 0 - 6027/(-84)?
2, 3
Suppose -3*d + 5 = -10. Suppose -4 = -q - 2*c + 9, -d*c + 16 = -3*q. List the prime factors of q.
3
Let u(b) = b**2 - 8*b + 10. Let z be u(7). Suppose 5*o + r = -z + 8, -4*r + 5 = 5*o. List the prime factors of 2 + (6/2 - o).
2
Suppose 0 = -3*i + i + 4. Suppose i = l - 5. What are the prime factors of l?
7
Let k(b) = -88*b - 1. What are the prime factors of k(-1)?
3, 29
Let r = -243 - -350. What are the prime factors of r?
107
Suppose -22 = 4*s - 6. Let c be (-1*2)/(s/24). Let v = -8 + c. List the prime factors of v.
2
Let n(a) = -6*a. Let q = -5 - -6. Let y(x) = x + 1. Let w(j) = q*n(j) - y(j). List the prime factors of w(-2).
13
Let o(u) = -u**3 - 5*u**2 - u - 1. Let k be o(-4). Let p = k - -27. What are the prime factors of p?
2, 7
Suppose 0*b - 15 = -5*v + 4*b, 0 = b. Suppose -3*r + 40 = -5*y, 0 = -v*y + y + 8. What are the prime factors of r?
2, 5
Suppose -v = 4*v + 20. What are the prime factors of ((-94)/v)/(9/18)?
47
Suppose 0 = -2*x + 482 - 152. Suppose -10*k + 5*k + x = 0. List the prime factors of k.
3, 11
Let b(i) = -13*i**3 - 25*i**2 + 31*i + 35. Let k(p) = 7*p**3 + 13*p**2 - 16*p - 18. Let r(l) = -6*b(l) - 11*k(l). What are the prime factors of r(-8)?
2
Let r be 2/(-10) - (-171)/(-45). Let o = 5 - r. What are the prime factors of o?
3
What are the prime factors of (-4)/(-14) + (-878)/(-14)?
3, 7
Let p(i) be the second derivative of i**4/6 + 7*i**3/6 - 4*